2 + -13 + (-3 - -5) + 3?
-20
What is the value of (1 - 8 - (25 - 23)) + 1?
-8
Evaluate 29 - (59 - -25 - 36).
-19
What is 203 + -181 - (1 - -27)?
-6
Evaluate (10 - 4 - 5) + -4 - (38 + -4).
-37
Evaluate 55 + -33 - (9 + -4).
17
Calculate (21 + -58 - -18) + 30.
11
Evaluate (0 - -3) + (182 - 194).
-9
What is (-65 + 42 - -41) + -1 + (0 - 2)?
15
What is (-3 - (-20 - 4)) + (-4 - -3)?
20
38 + -42 + -1 + 12 + (1 - 0)
8
(-1 - 16) + 1 + (-4 - (-7 - -3))
-16
What is -3 + 12 - (-23 - -43) - 3?
-14
What is the value of -11 + (21 - 11) + 2 + -16?
-15
Calculate (8 - -16) + -18 - ((-1 - -1) + 18).
-12
(-7 - -1) + (-10 - (-56 - -47))
-7
Evaluate 11 + (-9 - 4) + (3 - -2 - 0).
3
What is the value of -20 + 14 - (-1 + 0 + (-3 - -11))?
-13
(3 - 2) + -1 + -10 + 9
-1
What is the value of -6 + ((7 - 7) + 14 - (-1 - -5))?
4
Calculate 40 + (6 - -1) + -11 + -8 - 0.
28
What is -2 + (8 - (3 + 2 + -1)) + 2?
4
What is the value of 14 - ((1 + -2 - -6) + (-1 - 5))?
15
What is -3 + (0 - -1) + -4 - (-8 + 4)?
-2
What is 8 - (-1 + (34 - 14))?
-11
Evaluate (1 - (4 - 0)) + 47 + 14 + -69.
-11
Calculate 2 - 4 - 2 - (50 - 47).
-7
Evaluate -24 + (-12 - (-18 - 3)).
-15
What is the value of 5 + -22 + (-14 + 6 - -8) + 1?
-16
Calculate 5 + (8 - 12 - 3) - -1 - 1.
-2
What is the value of 18 - (4 - (-12 - (-5 - -1)))?
6
Calculate 0 + (-20 - (-13 - 39 - -5)).
27
What is -5 + ((17 - 8) + -16 + 6 - -17)?
11
What is -12 + -27 + 14 + 15?
-10
What is -17 + 34 + (1 - (22 - 3))?
-1
Calculate 10 + 34 + -20 + -19 + 5.
10
What is 0 + 0 + 6 + -53 + -14 + 59?
-2
-29 + 0 + (-4 - -31)
-2
(-22 - 0 - 1) + (-79 - (53 - 126))
-29
Calculate 5 + 1 + -6 + 3 + (-1 - 1).
1
What is the value of (-1 - -1) + (-10 - -17 - (3 + -17))?
21
Calculate 9 + (1 - -8) + 2 + -5 + 0.
15
Evaluate 13 + 1 + -14 + 200 + -187.
13
What is -15 + (-4 - -4 - 0) - 7 - -3?
-19
(1 + -7 - -5 - 3) + 11 - 5
2
What is the value of -3 - (0 - (-18 + 18 - (0 + 1)))?
-4
Evaluate -8 - -10 - (2 + 12).
-12
What is the value of (6 - (5 + 4)) + 1 - 0?
-2
7 + 2 + -3 + 3 + -19 + 4
-6
What is 15 + -31 - -1 - -9?
-6
What is the value of 6 - (-10 - (-2 + -9 - (-10 + 5)))?
10
Calculate 20 - (17 - 44 - -58).
-11
Calculate 12 + -11 + -9 - 9.
-17
What is the value of (0 - -7 - 6) + 0 + 8?
9
Evaluate (-1 - -18) + 1807 + -1792.
32
What is -1 - (28 - 44) - 3?
12
(10 + 15 - -5) + -23
7
4 - 11 - (3 + (-4 + 3 - 8))
-1
Calculate (3 - 4 - 8) + 7 - 12.
-14
What is -18 + (72 - 25) - 21?
8
What is the value of 6 + (-21 - -9) + -7 + 1?
-12
What is -14 + 1 + -1 - (-5 - 8 - -6)?
-7
What is 11 - ((15 - 2) + -18)?
16
Calculate 2 + 1 + -4 + 5 + 9 + -13.
0
Calculate 4 + -4 + -14 + (-8 - -10 - 9).
-21
Evaluate (-28 - (6 + -17)) + 31.
14
Evaluate 3 + 1 + -1 - (4 - 2) - -8.
9
Evaluate 2 + (53 - (17 - -10)).
28
What is (34 + -12 - 3) + -5 + 5?
19
-9 + (-16 - (10 - 32)) - -7
4
(-39 - -20) + (13 - (3 - -1))
-10
What is the value of -18 - (-14 + 12 - 4)?
-12
What is 25 + (27 + -29 - 5)?
18
Calculate 4 - (10 + -7 + -6) - 6.
1
What is 19 + (5 - (13 - 8 - -5))?
14
Evaluate 0 + 29 - (23 - 36) - 14.
28
Evaluate -17 + (27 - -1) + -5.
6
Evaluate 11 + 5 + -4 + (1 - -2) + -1.
14
What is the value of -11 + (-8 - (-14 + 2 + -3)) + 4?
0
What is (-14 - 0) + (15 - 4)?
-3
What is -26 - (-24 + -2 + 6)?
-6
-35 + 34 - ((-19 - 0) + 0)
18
What is 5 + 1 - (-12 + (6 - -20))?
-8
What is -7 - (-6 + -7) - 11 - (-6 - -1)?
0
Calculate (-6 - ((5 - 0) + -3 + -3)) + -2.
-7
Evaluate 13 + 10 + -21 - (-1 - 1).
4
What is -28 + 22 + -18 + 13?
-11
Calculate -11 + -2 - -3 - (-12 + 2).
0
1 + 1 + -4 - (8 + -1)
-9
(-21 - -17) + -14 - (-3 + -2)
-13
What is the value of 11 - (-7 + (12 - -13)) - -18?
11
Calculate 687 + -691 + (0 + 1 + -2 - -21).
16
Calculate 14 - (9 - (7 - (-7 - -11))).
8
3 + 0 + -9 + (3 - 11)
-14
What is the value of (10 - -19 - 10) + -11?
8
What is 21 + (-3 + 4 - 14)?
8
Calculate (-2 + -2 - (-20 + 34)) + 0 + 7.
-11
What is the value of 2 + -2 + (1 - -7) + (-174 - -180)?
14
Calculate 1 + 38 + 305 + -317.
27
What is the value of (13 - (17 + 10)) + 15 - -22?
23
(3 - 1) + -13 - (-14 + -5 + 22)
-14
Evaluate 7 + (-5 - (3 + -4)) - -9.
12
-3 - (6 + -9 + -7 + (7 - 0))
0
What is 13 + (-11 - -20) + 2 + -49?
-25
Evaluate -5 + (0 - 0 - (-16 - (10 + -31))).
-10
(-41714 - -41723) + (-37 - (-1 - -1 - 0))
-28
Calculate (-1 - -26) + -98 + 84.
11
Calculate (1 - 5) + -3 + 9 + 6 + -1.
7
-17 + 16 + -9 + 29 - 5
14
Evaluate 6 - (14 + -12 + 8 + -5).
1
What is -19 - (15 + -41 + -3 + 18)?
-8
What is -3 - (8 + ((13 - 4) + -5 - 5))?
-10
Evaluate 7 + 2 - (-3 + -1 + 25).
-12
Calculate -2 - -13 - 8 - (10 + -3 + 1).
-5
Evaluate 3 - 7 - (-6 - (4 + -3 - 10)).
-7
What is (-20 - -53) + -25 - (-7 + -1)?
16
Calculate -24 + 3 + 21 + (-6 - 1) + 4.
-3
18 - (3 - 8) - 36
-13
What is 2 - (6 - (4 + 5) - -4 - -2)?
-1
What is 24 + (-6 - (-15 + 22))?
11
(-1 + -3 - (-6 + 1)) + 9
10
What is -23 + 5 - (-30 + 30)?
-18
What is the value of (-9 - -1) + 32 + 18 + -30?
12
Calculate -46 + 23 - -37 - 10.
4
What is the value of (23 - -10 - 40) + (3 - -5) + -2?
-1
Calculate (0 - -25) + -17 + (5 - (2 - 6)).
17
33 - (-8 + -5 + 13 - -12)
21
Calculate (-2 - (2 + -3)) + 70 + -64.
5
Evaluate (32 - (7 + -3) - (55 + -47)) + -3.
17
Calculate (-14 - 1) + (-252 - -283).
16
11 - (5 + 12) - 19 - -14
-11
Evaluate 0 + -20 + 379 + -381.
-22
What is 6 + 6 + -3 + -20?
-11
Evaluate -3 + -3 + 8 - (2 - (3 - 0)).
3
What is the value of -2 + 1 + (9 - (19 - (3 + -7)))?
-15
Calculate (-18 - -19) + 18 - 1.
18
What is the value of 27 + -7 + -18 - (-3 + (-1 - -4))?
2
What is (-14 - 0) + (-243 - -231)?
-26
Calculate -4 - -32 - (5 - 1) - 8 - 5.
11
What is the value of -9 - (50 - (79 + -41))?
-21
What is 5 + -134 + 126 + (-1 + 0 - 0)?
-4
What is the value of -8 + -6 + (-6 - -12) + -6?
-14
What is the value of (6 - (7 + (9 - 7))) + (4 - 3)?
-2
109 + -88 + -37 - (1 + -37)
20
Evaluate 1 + -4 + 0 + 7 + -1.
3
Calculate 6 + (-3 - -3) - (3 - (-11 + 10)).
2
What is -5 + -8 - -16 - (-18 - (-3 - -3))?
21
What is the value of -8 - 3 - (237 + -274)?
26
8 + (-4 - -3) + 7 + -7 + 0
7
Calculate (-14 - -8) + -1 - (-11 + 2).
2
30 + -53 + (1 - -10) + 0
-12
Calculate (0 - 3 - -5) + -21 + 2 + 3.
-14
What is 6 + 4 + (4 - -3 - 14) - -15?
18
Calculate (-11 - 1) + (-38 + 39 - -13).
2
-5 - 20 - (-57 - -36)
-4
Calculate (-2 - 2) + (-398 - -427).
25
Evaluate 1 + 6 + (4 - (-12 - -14)).
9
-15 + (-5 + -2 - (-6 - 10))
-6
11 + -13 - (7 + -9 + (-5 - 1))
6
Evaluate -34 + 2 + (43 - 26 - 9).
-24
-2 - 1 - -11 - (-12 + 7)
13
Calculate -11 + 15 + -9 - 7.
-12
Calculate (16 - (-16 + 29)) + -3 + 4 + -2.
2
What is 50 - (8 + (-15 - -22) + 0)?
35
Evaluate -34 + (32 - 12) - -21 - 15.
-8
What is the value of (4 - -15 - 6 - 12) + (1 - 0)?
2
Evaluate 15 - (-10 - -7 - 3) - 8.
13
Evaluate (-11 - (14 + -37) - 14) + 13.
11
What is the value of -3 + -5 + 6 + 4 + -1 + 8?
9
Calculate (6 - 7) + 5 + -6 - -14.
12
-11 + -21 + 20 - (4 + 5)
-21
What is the value of -5 + 0 + -1 + 15 + 3?
12
-10 - 2 - -8 - 21
-25
What is the value of -3 + 10 + -16 + 8 + (0 - 1)?
-2
What is 34 + -15 + (2 - 0 - (30 + -19))?
10
Evaluate -22 - (-32 - -18) - 12.
-20
Evaluate (-26 + 13 + 9 - (-1 + -1)) + -5.
-7
What is -13 + 56 - (27 + -9 - -1)?
24
2 + (10 - 4) - (0 - 3 - 0)
11
Calculate 10 + (-16 - (-1 - 1)).
-4
Calculate 6 - (32 + -70 + 81 + (-9 - 1)).
-27
What is -346 + 319 + (22 - -1)?
-4
Evaluate (-8 - 2) + ((10 - 9) + 1 - 4).
-12
What is -70 + 87 + 11 - (1 - -12)?
15
0 + 1 + -7 - (67 + -50)
-23
What is the value of (1 + 6 - 7 - -7 - 5) + 5?
7
What is the value of 14 - (2 + 12 + -4)?
4
Calculate -186 + 178 + 1 + 7 - -12.
12
Calculate 2 + -18 + (4 - -2 - (-9 - -18)).
-19
What is the value of (3 - (-2 - 6)) + 2 + -10?
3
Evaluate (-23 - 4 - -7) + 9 + 0.
-11
What is the value of -3 + -11 - (12 - 22)?
-4
Calculate 43 + -30 + -2 + 0.
11
Calculate (7 - -4) + -15 + 4.
0
What is -6 - ((14 - -1) + -13)?
-8
Calculate 14 + (14 - (2 - -11)) - 20.
-5
20 + -1 + -16 + 7 + 0 + 2
12
-4 - -2 - 6 - -17
9
What is 63 + -37 + 36 + -66?
-4
Evaluate 14 - (-30 + (-5 + -6 - -19)).
36
What is the value of 23 - ((-24 - -34) + 22)?
-9
(5 - (-3 + -11)) + -14
5
-11 - (-14 + 15 - 14)
2
Evaluate -1 - 0 - (52 - 61).
8
Evaluate (-29 - -22) + 14 + (0 - -8) + -1.
14
Calculate 4 + 2 + (-7 - 14) + -1 + -1.
-17
What is the value of 1 + -8 - ((1 - 8) + 7) - -22?
15
22 + -1 - (20 - (12 - 3))
10
What is the value of -261 + 2